{"id":13,"date":"2008-02-17T12:23:53","date_gmt":"2008-02-17T10:23:53","guid":{"rendered":"http:\/\/www.irwyn.de\/?page_id=13"},"modified":"2017-01-21T22:24:43","modified_gmt":"2017-01-21T21:24:43","slug":"helfen","status":"publish","type":"page","link":"https:\/\/www.irwyn.de\/?page_id=13","title":{"rendered":"Helfen"},"content":{"rendered":"<p><strong><span style=\"font-family: comic sans ms,sans-serif; font-size: 14pt;\">Klar brauchen wir Hilfe, immer &#8230;<\/span><\/strong><\/p>\n<p><strong><span style=\"font-family: comic sans ms,sans-serif;\">Grunds\u00e4tzlich brauchen wir aber:<\/span><\/strong><br \/>\n<span style=\"font-family: comic sans ms,sans-serif;\"> &#8211; Tapeziertische (stabil)<\/span><br \/>\n<span style=\"font-family: comic sans ms,sans-serif;\"> &#8211; Kleiderst\u00e4nder aus Metall, die was ab k\u00f6nnen<\/span><br \/>\n<span style=\"font-family: comic sans ms,sans-serif;\"> &#8211; Kuchen und was zu essen f\u00fcr das Team<\/span><br \/>\n<span style=\"font-family: comic sans ms,sans-serif;\"> &#8211; jede Menge Helfer zum Auf- und Abbauen<\/span><\/p>\n<p><strong><span style=\"font-family: comic sans ms,sans-serif;\">Wer Lust und Zeit hat, melde sich bitte unter:<\/span><\/strong><\/p>\n<p><span style=\"font-family: comic sans ms,sans-serif;\"><a href=\"mailto:basar-gd@gmx.de\">basar-gd@gmx.de<\/a><\/span><\/p>\n<p><span style=\"font-family: comic sans ms,sans-serif;\">Danke<\/span><\/p>\n<p>&nbsp;<\/p>\n","protected":false},"excerpt":{"rendered":"<p>Klar brauchen wir Hilfe, immer &#8230; Grunds\u00e4tzlich brauchen wir aber: &#8211; Tapeziertische (stabil) &#8211; Kleiderst\u00e4nder aus Metall, die was ab k\u00f6nnen &#8211; Kuchen und was zu essen f\u00fcr das Team &#8211; jede Menge Helfer zum Auf- und Abbauen Wer Lust &hellip; <a href=\"https:\/\/www.irwyn.de\/?page_id=13\">Weiterlesen <span class=\"meta-nav\">&rarr;<\/span><\/a><\/p>\n","protected":false},"author":1,"featured_media":0,"parent":0,"menu_order":0,"comment_status":"closed","ping_status":"closed","template":"","meta":{"footnotes":""},"class_list":["post-13","page","type-page","status-publish","hentry"],"_links":{"self":[{"href":"https:\/\/www.irwyn.de\/index.php?rest_route=\/wp\/v2\/pages\/13","targetHints":{"allow":["GET"]}}],"collection":[{"href":"https:\/\/www.irwyn.de\/index.php?rest_route=\/wp\/v2\/pages"}],"about":[{"href":"https:\/\/www.irwyn.de\/index.php?rest_route=\/wp\/v2\/types\/page"}],"author":[{"embeddable":true,"href":"https:\/\/www.irwyn.de\/index.php?rest_route=\/wp\/v2\/users\/1"}],"replies":[{"embeddable":true,"href":"https:\/\/www.irwyn.de\/index.php?rest_route=%2Fwp%2Fv2%2Fcomments&post=13"}],"version-history":[{"count":4,"href":"https:\/\/www.irwyn.de\/index.php?rest_route=\/wp\/v2\/pages\/13\/revisions"}],"predecessor-version":[{"id":328,"href":"https:\/\/www.irwyn.de\/index.php?rest_route=\/wp\/v2\/pages\/13\/revisions\/328"}],"wp:attachment":[{"href":"https:\/\/www.irwyn.de\/index.php?rest_route=%2Fwp%2Fv2%2Fmedia&parent=13"}],"curies":[{"name":"wp","href":"https:\/\/api.w.org\/{rel}","templated":true}]}}